h + 1058. Let r = h + 1145. Calculate the highest common factor of 23 and r.
23
Suppose -d + 8 = -5*s, -3 = 4*s + 5*d + 15. Let l be s/((-2)/255) + -2. Calculate the highest common factor of l and 46.
23
Let v(m) = m**2 - 14*m + 38. Let x = 111 - 92. Let g be v(x). Calculate the greatest common factor of 38 and g.
19
Let q be (-10)/60 - (1075/6)/5. Let k be 1084/(-18) - 8/q. Let d = 78 + k. What is the highest common factor of 162 and d?
18
Suppose -14*s + 268 = -50*s + 2140. What is the greatest common divisor of 2132 and s?
52
Suppose 432304 = 100*y + 159690 - 177486. What is the greatest common divisor of y and 7?
7
Let t be (8 - 24)/((-3)/120). Suppose 24*u - t = 8*u. What is the highest common divisor of 320 and u?
40
Suppose 28*c - 914 - 901 = 117. Let i(l) = 15*l**2 + 3*l - 6. Let g be i(6). What is the greatest common divisor of g and c?
69
Suppose 6 = -4*q - 3*v - 17, 3*q + 10 = 5*v. Let f be ((-54)/8)/((q - 4)/36). What is the greatest common divisor of f and 324?
27
Let f(v) = v**3 + 9*v**2 + 4*v + 38. Let l be f(-9). Let s be (30 - (-12)/l) + -4. Calculate the greatest common divisor of 24 and s.
8
Let i(t) be the first derivative of -t**3/3 + 8*t**2 - 42*t + 4. Suppose -1219 = u - 1231. Let d be i(u). Calculate the greatest common divisor of 3 and d.
3
Suppose 4*q - 128 = -4*f, 5*q - 3*q + 5*f - 73 = 0. Let r = -3489 + 3721. Calculate the greatest common factor of r and q.
29
Suppose -v - 27 = -30. Suppose v*p + 3*p - 180 = 0. Let q = 27 - 17. Calculate the highest common divisor of p and q.
10
Let t be (-3 - 143/(-44))*61412. What is the highest common factor of t and 26?
13
Suppose 40*t + 144 = 42*t - 4*o, -4*o - 324 = -5*t. Let w = 31 + 69. Calculate the highest common divisor of w and t.
20
Let p = 4294 - -779. What is the highest common factor of p and 1068?
267
Let s(b) = b + 7. Let h be s(13). Let n(q) = 2*q**3 - q**2 - q + 1. Let w be n(1). Let d be w*26 + (-11 - -15). What is the greatest common factor of h and d?
10
Let l = 11498 + -5505. Calculate the highest common divisor of l and 26.
13
Let i = 293 + -294. Let r be (-4)/3*(i + (-5)/10). Calculate the highest common factor of 2 and r.
2
Suppose 0 = j - 2843 + 2203. What is the highest common factor of 110 and j?
10
Let x(p) = 8*p + 100. Let y = -28 - -18. Let z be x(y). What is the highest common divisor of z and 180?
20
Let v = 635 + -444. Let b = 199 - v. Calculate the highest common factor of b and 16.
8
Let l(x) = 179*x**2 - 61*x + 251. Let d be l(2). Suppose -270 = -4*s + 5*f, f + 2 + 0 = 0. What is the highest common divisor of s and d?
65
Suppose -4*h + 17929 = -3*u, 28*u - 27*u = 2*h - 8963. What is the highest common divisor of h and 16?
16
Let j(i) = -17*i**2 + 9*i - 17. Let t be j(5). Let v = t + 460. Calculate the highest common divisor of v and 36.
9
Let f(w) = 12*w**2 + 3*w + 2. Suppose -5*p - 20 = 0, 11 - 15 = 4*v - 3*p. Let i be f(v). What is the highest common divisor of i and 52?
26
Let q = 59 - 52. Suppose 3*g + q*g + 180 = 0. Let r = g - -128. What is the highest common divisor of r and 22?
22
Suppose -152 = -59*h + 57*h. Let o(z) = -z**3 - z**2 + z + 4. Let t be o(-3). Calculate the greatest common divisor of h and t.
19
Suppose -2*t + 6 = -k, 2*t - t - 10 = -3*k. Suppose -3*g = -3*p - 99, -4*g = p - 5 - 142. What is the highest common divisor of t and g?
4
Let d = -4204 - -4224. Calculate the greatest common divisor of 22510 and d.
10
Let v = 85 + -81. Suppose w - 219 = -2*m, -3*w + 462 = -w - v*m. What is the greatest common factor of 25 and w?
25
Let w = 17 - 37. Let j be (15*w/(-24))/(3/12). Suppose 40 = 5*s + m, -8*m + 5*m = 5*s - j. Calculate the highest common factor of 42 and s.
7
Let v = -168 - -36. Let l = 175 + v. What is the highest common factor of 172 and l?
43
Suppose 6*g = 11*g - 5*l - 70, 0 = -5*g + 2*l + 85. What is the greatest common divisor of 1007 and g?
19
Let j be (162/(-10))/((-122)/3660). Calculate the highest common factor of j and 918.
54
Let v be (-7 + -367 - -7) + -8. Let t = -207 - v. Calculate the greatest common factor of 8 and t.
8
Let y(u) = -333*u - 1827. Let z be y(-9). What is the greatest common divisor of 180 and z?
90
Suppose v = -19*v - v + 6426. Calculate the greatest common divisor of 357 and v.
51
Let g(h) = 21*h**2 - 5*h - 7. Let a be g(-2). Suppose -18*r = 25 - 79. Calculate the greatest common divisor of r and a.
3
Suppose -5*v - 18040 = -46*v. What is the greatest common factor of v and 320?
40
Let j(a) be the second derivative of -a**4/6 - 5*a**3/6 + 13*a**2 - 49*a. Let k be j(-10). Let i = k + 140. Calculate the greatest common divisor of i and 8.
8
Suppose 0 = 5*n - 4*c - 798, 2*c + 47 = 53. What is the greatest common factor of 4158 and n?
54
Let z = 316 + -41. Let t = -445 - -1010. Suppose 0 = -17*c + t - 140. What is the highest common divisor of c and z?
25
Let v(f) = f**2 - 22*f - 32. Let d be v(16). Let t = d + 141. Calculate the greatest common factor of 403 and t.
13
Suppose 2*t - 13992 = 3*c, -5*c = -2*t - 3*c + 13996. Calculate the highest common factor of t and 24.
6
Let x(m) = 31*m - 37. Let j be x(12). Let s = 2786 - 2652. What is the greatest common factor of j and s?
67
Let q = 150 - 35. Let m be -45 + q - (-4)/(2/2). Calculate the greatest common divisor of 1036 and m.
74
Let x be ((-10)/4)/(6/((-12768)/38)). Calculate the greatest common divisor of x and 15.
5
Suppose -5*q + 3*z = -10677, 11*q - 5*z - 7004 - 16487 = 0. Calculate the greatest common divisor of q and 30.
6
Suppose 2*y = w + 2712, 2*y - 2*w - 1353 = y. What is the highest common factor of 115 and y?
23
Suppose -5*g = -2*m - 0*m - 62, -2*g = -4*m - 124. Let t = m + 64. Let p = t - -183. What is the greatest common divisor of p and 24?
24
Let n(k) = -29*k - 2. Let a be n(-1). Let r(m) = m**2 - 18*m + 50. Let l = 36 - 20. Let b be r(l). What is the highest common divisor of a and b?
9
Let s = -4 - 94. Let z be (168/s)/((-1)/21). Let t = -28 - -100. Calculate the highest common factor of z and t.
36
Suppose -20 = -4*m + 5*w, 0 = -3*m - 7*w + 3*w + 15. Suppose -5 - 5 = -m*g. Let f be (-4 - -3) + g + 47. Calculate the highest common factor of 32 and f.
16
Let v = -22 + 36. Let u be (-36)/(-10) - (2 - (-60)/(-25)). Suppose -7*o + u*o + 21 = 0. Calculate the highest common factor of o and v.
7
Suppose -4*o + 1802 = 2*l, -o - 115 = 3*l - 563. Suppose 74*m + 255 = 1724 + 973. What is the greatest common divisor of m and o?
11
Let v(g) = -g**2 + 8*g - 1. Let m be v(7). Suppose -2 + m = -y - r, 0 = -3*y + 3*r + 18. Let j = -3 - -4. What is the highest common divisor of j and y?
1
Let p = -24 - 1. Let k = p + 37. Let d = 922 + -862. Calculate the greatest common divisor of d and k.
12
Suppose -40*k + 60*k - 78801 = 17239. Calculate the greatest common divisor of 28 and k.
14
Let w(y) = 4*y**2 + 7*y - 2. Let l be w(-6). Suppose 0 = -3*g + 49 - 37. Let u be 116/g + (6 - 10). Calculate the greatest common divisor of u and l.
25
Let c(h) = -h**3 + 8*h**2 + 14*h - 14. Let n be c(9). Let x = 27 - n. Let m be (x*9/(-10))/(3/60). Calculate the highest common factor of m and 18.
18
Let f(z) = 43*z - 33. Let w be f(6). Let b = w - 219. Calculate the highest common divisor of 96 and b.
6
Suppose -222 - 93 = -5*j. Let x = -307 + 307. Suppose -23 = -5*u - 0*u - 3*f, 4*u - f - 32 = x. What is the greatest common divisor of u and j?
7
Let s(v) = v**2 + 2*v - 1. Let f be s(-3). What is the highest common factor of 526 and f?
2
Let u(x) = 2*x**3 + 28*x**2 + 79*x + 247. Let i be u(-11). Calculate the highest common factor of i and 2002.
26
Let a = 2062 - 1603. What is the greatest common factor of 1224 and a?
153
Let r(v) = 219*v - 26435. Let s be r(121). Let n be (72/(-5))/((-2)/20). What is the greatest common divisor of s and n?
16
Suppose 349*j = 2*m + 348*j - 306, 5*j = -m + 186. What is the greatest common factor of 9750 and m?
78
Let k = -59 + 57. Let d = -3 - k. Let m be d*(-38)/(-6)*-3. Calculate the highest common factor of 19 and m.
19
Suppose -26*h + 529 + 1109 = 0. What is the highest common divisor of h and 261?
9
Let g be 2 - 54/30 - (-119304)/180. Calculate the greatest common factor of g and 403.
13
Let q = -24 - -96. What is the highest common factor of 72 and q?
72
Suppose 3*h = 2*y - y - 1344, 0 = -3*y + 2*h + 4032. Suppo